ds digit of 240538125?
5
What is the hundred thousands digit of 212864611?
8
What is the units digit of 304061103?
3
What is the tens digit of 528561230?
3
What is the billions digit of 2968390143?
2
What is the millions digit of 285254615?
5
What is the hundred millions digit of 2581032293?
5
What is the hundred thousands digit of 66282769?
2
What is the millions digit of 318932278?
8
What is the tens digit of 735120002?
0
What is the hundred millions digit of 476142946?
4
What is the ten thousands digit of 100264495?
6
What is the units digit of 270619656?
6
What is the ten thousands digit of 62080364?
8
What is the millions digit of 60178673?
0
What is the units digit of 629985248?
8
What is the hundreds digit of 244108945?
9
What is the ten millions digit of 84579750?
8
What is the hundreds digit of 35707721?
7
What is the hundreds digit of 632960?
9
What is the ten thousands digit of 188884553?
8
What is the tens digit of 3516828?
2
What is the hundred millions digit of 1642950042?
6
What is the thousands digit of 40333498?
3
What is the ten millions digit of 1491821956?
9
What is the hundred millions digit of 221285622?
2
What is the hundreds digit of 33638852?
8
What is the units digit of 162631407?
7
What is the ten millions digit of 35038720?
3
What is the hundreds digit of 3349246027?
0
What is the units digit of 7388897?
7
What is the units digit of 54072417?
7
What is the thousands digit of 316904701?
4
What is the ten thousands digit of 1681149635?
4
What is the ten thousands digit of 408430563?
3
What is the hundred millions digit of 1683450426?
6
What is the units digit of 461130973?
3
What is the thousands digit of 34628191?
8
What is the tens digit of 461119750?
5
What is the millions digit of 3324424356?
4
What is the hundred millions digit of 135893904?
1
What is the millions digit of 76660005?
6
What is the millions digit of 202970501?
2
What is the units digit of 492170585?
5
What is the millions digit of 64797969?
4
What is the hundreds digit of 173009975?
9
What is the hundred millions digit of 1228868402?
2
What is the tens digit of 61612718?
1
What is the billions digit of 5430367521?
5
What is the millions digit of 37669050?
7
What is the millions digit of 385056663?
5
What is the millions digit of 32069456?
2
What is the hundred millions digit of 1925993862?
9
What is the ten thousands digit of 83795490?
9
What is the units digit of 30753767?
7
What is the units digit of 848490465?
5
What is the millions digit of 10293577?
0
What is the hundred thousands digit of 144550014?
5
What is the millions digit of 27519480?
7
What is the ten thousands digit of 56397924?
9
What is the thousands digit of 66188090?
8
What is the tens digit of 290297536?
3
What is the ten millions digit of 512613793?
1
What is the units digit of 883178?
8
What is the ten thousands digit of 840625753?
2
What is the millions digit of 88518007?
8
What is the hundred thousands digit of 74693806?
6
What is the thousands digit of 40615225?
5
What is the hundred thousands digit of 372805362?
8
What is the ten millions digit of 123798057?
2
What is the units digit of 214399496?
6
What is the hundred millions digit of 1327720414?
3
What is the millions digit of 884388096?
4
What is the ten millions digit of 176082257?
7
What is the millions digit of 3050868602?
0
What is the thousands digit of 83285204?
5
What is the billions digit of 7878808631?
7
What is the ten millions digit of 386845012?
8
What is the ten thousands digit of 2450493739?
9
What is the thousands digit of 143167240?
7
What is the ten thousands digit of 50483442?
8
What is the thousands digit of 68496976?
6
What is the thousands digit of 54672032?
2
What is the thousands digit of 41788435?
8
What is the ten thousands digit of 102314992?
1
What is the thousands digit of 99553614?
3
What is the tens digit of 10163183?
8
What is the tens digit of 131862929?
2
What is the hundreds digit of 56245089?
0
What is the hundred millions digit of 3649252777?
6
What is the hundred thousands digit of 910618927?
6
What is the ten millions digit of 402540881?
0
What is the hundred thousands digit of 468956582?
9
What is the units digit of 35080893?
3
What is the thousands digit of 39599501?
9
What is the millions digit of 15736073?
5
What is the millions digit of 4073356585?
3
What is the hundred millions digit of 244135134?
2
What is the hundred thousands digit of 111228790?
2
What is the ten thousands digit of 55421399?
2
What is the ten thousands digit of 2310182280?
8
What is the hundred thousands digit of 37076443?
0
What is the ten millions digit of 29165817?
2
What is the tens digit of 81865775?
7
What is the ten thousands digit of 31912567?
1
What is the hundred millions digit of 224975598?
2
What is the thousands digit of 39266122?
6
What is the tens digit of 367645039?
3
What is the ten millions digit of 347957870?
4
What is the thousands digit of 2662546302?
6
What is the units digit of 3698094868?
8
What is the ten thousands digit of 5464815358?
1
What is the units digit of 1306522887?
7
What is the ten millions digit of 63964164?
6
What is the hundred thousands digit of 92007259?
0
What is the hundred thousands digit of 14538351?
5
What is the tens digit of 8239135?
3
What is the tens digit of 519626290?
9
What is the millions digit of 2434424308?
4
What is the hundred thousands digit of 51939963?
9
What is the ten millions digit of 148518342?
4
What is the hundred millions digit of 491007496?
4
What is the units digit of 119458441?
1
What is the hundred thousands digit of 643231519?
2
What is the thousands digit of 225086771?
6
What is the thousands digit of 3476116350?
6
What is the millions digit of 4129472444?
9
What is the ten millions digit of 181430283?
8
What is the hundred thousands digit of 527698222?
6
What is the hundreds digit of 42972857?
8
What is the hundred thousands digit of 11333739?
3
What is the millions digit of 53356299?
3
What is the hundred thousands digit of 85281706?
2
What is the millions digit of 461771354?
1
What is the ten thousands digit of 56446457?
4
What is the ten millions digit of 15556128?
1
What is the thousands digit of 230712619?
2
What is the ten millions digit of 657001171?
5
What is the hundred thousands digit of 1048268692?
2
What is the hundred millions digit of 213867636?
2
What is the hundred millions digit of 117114118?
1
What is the thousands digit of 22026839?
6
What is the hundreds digit of 84875823?
8
What is the hundred millions digit of 569969629?
5
What is the thousands digit of 232402894?
2
What is the ten millions digit of 147655725?
4
What is the hundreds digit of 55614408?
4
What is the tens digit of 44672203?
0
What is the ten thousands digit of 88181053?
8
What is the ten thousands digit of 49030359?
3
What is the ten thousands digit of 33693070?
9
What is the billions digit of 1591064027?
1
What is the ten thousands digit of 9511708?
1
What is the tens digit of 1704649103?
0
What is the hundred thousands digit of 1318610715?
6
What is the hundreds digit of 96300932?
9
What is the hundred thousands digit of 216048046?
0
What is the ten thousands digit of 1368047239?
4
What is the tens digit of 690954002?
0
What is the tens digit of 46932569?
6
What is the ten thousands digit of 214112?
1
What is the hundred millions digit of 6720844981?
7
What is the ten millions digit of 1138835074?
3
What is the ten millions digit of 40423833?
4
What is the thousands digit of 60402048?
2
What is the hundreds digit of 168262953?
9
What is the ten thousands digit of 67417041?
1
What is the thousands digit of 19988668?
8
What is the ten thousands digit of 6206928064?
2
What is the millions digit of 299367366?
9
What is the ten millions digit of 708777574?
0
What is the ten millions digit of 762805804?
6
What is the tens digit of 15100427?
2
What is the hundred millions digit of 158858453?
1
What is the hundreds digit of 1638227474?
4
What is the tens digit of 54478145?
4
What is the hundred millions digit of 986863681?
9
What is the tens digit of 61220442?
4
What is the thousands digit of 537334248?
4
What is the ten thousands digit of 11324457?
2
What is the tens digit of 24352567?
6
What is the hundred thousands digit of 461715766?
7
What is